r when 10866385 is divided by 478?
11
What is the remainder when 271679 is divided by 484?
155
Calculate the remainder when 729551 is divided by 364552.
447
Calculate the remainder when 6661985 is divided by 350630.
15
What is the remainder when 64261025 is divided by 71?
61
What is the remainder when 415666 is divided by 510?
16
What is the remainder when 492507324 is divided by 246253656?
12
What is the remainder when 4556 is divided by 619?
223
What is the remainder when 1772519 is divided by 16?
7
What is the remainder when 11085556 is divided by 1072?
4
What is the remainder when 99409 is divided by 99257?
152
What is the remainder when 176731727 is divided by 266?
263
Calculate the remainder when 2657669 is divided by 2892.
2813
Calculate the remainder when 829575 is divided by 251.
20
Calculate the remainder when 44267 is divided by 3103.
825
Calculate the remainder when 3558793 is divided by 70.
63
What is the remainder when 2908586 is divided by 15?
11
What is the remainder when 536316 is divided by 267616?
1084
Calculate the remainder when 393248 is divided by 18553.
3635
What is the remainder when 4255549 is divided by 335?
44
Calculate the remainder when 702573 is divided by 1495.
1418
Calculate the remainder when 37958566 is divided by 5422649.
23
Calculate the remainder when 1023737 is divided by 234.
221
What is the remainder when 30641609 is divided by 401?
397
What is the remainder when 133515 is divided by 25?
15
Calculate the remainder when 2582193 is divided by 2534.
47
Calculate the remainder when 28305644 is divided by 16.
12
What is the remainder when 228729 is divided by 113222?
2285
Calculate the remainder when 15232029 is divided by 1298.
1297
Calculate the remainder when 387597 is divided by 32.
13
What is the remainder when 27118 is divided by 6658?
486
Calculate the remainder when 4703249 is divided by 940636.
69
Calculate the remainder when 684905995 is divided by 300.
295
What is the remainder when 17427 is divided by 6547?
4333
Calculate the remainder when 238955 is divided by 2096.
11
What is the remainder when 2076584 is divided by 21?
20
What is the remainder when 1693476 is divided by 25657?
114
What is the remainder when 151320 is divided by 15540?
11460
Calculate the remainder when 1342846 is divided by 1076.
1074
Calculate the remainder when 97289313 is divided by 14145.
3
Calculate the remainder when 496692 is divided by 248175.
342
What is the remainder when 3754921 is divided by 348?
1
Calculate the remainder when 31928 is divided by 7895.
348
What is the remainder when 232754 is divided by 347?
264
Calculate the remainder when 72454 is divided by 3771.
805
Calculate the remainder when 84784 is divided by 3840.
304
What is the remainder when 8043 is divided by 1606?
13
What is the remainder when 207822 is divided by 1856?
1806
Calculate the remainder when 189195 is divided by 8336.
5803
What is the remainder when 19974898 is divided by 2798?
2774
Calculate the remainder when 100321 is divided by 683.
603
Calculate the remainder when 157535581 is divided by 93.
91
What is the remainder when 5464078 is divided by 2732035?
8
Calculate the remainder when 43678580 is divided by 7309.
7305
What is the remainder when 41351 is divided by 565?
106
What is the remainder when 267445 is divided by 12734?
31
Calculate the remainder when 181094 is divided by 1161.
1139
Calculate the remainder when 5289648 is divided by 27407.
97
Calculate the remainder when 7841455 is divided by 3920725.
5
What is the remainder when 869908 is divided by 5211?
4882
What is the remainder when 4194760 is divided by 104869?
0
Calculate the remainder when 29733 is divided by 1582.
1257
Calculate the remainder when 44707941 is divided by 4470792.
21
What is the remainder when 153053 is divided by 2051?
1279
Calculate the remainder when 6644 is divided by 574.
330
What is the remainder when 330108445 is divided by 136?
133
Calculate the remainder when 102311 is divided by 51106.
99
What is the remainder when 12618 is divided by 960?
138
Calculate the remainder when 215576 is divided by 832.
88
What is the remainder when 736689 is divided by 66969?
30
What is the remainder when 3775071 is divided by 28?
27
What is the remainder when 306943 is divided by 305554?
1389
What is the remainder when 7492932 is divided by 1498550?
182
Calculate the remainder when 54033 is divided by 53732.
301
Calculate the remainder when 118764441 is divided by 2038.
2029
Calculate the remainder when 21319 is divided by 2824.
1551
What is the remainder when 1064887 is divided by 395?
362
Calculate the remainder when 518066 is divided by 869.
142
Calculate the remainder when 110322 is divided by 2464.
1906
What is the remainder when 301381 is divided by 120?
61
What is the remainder when 213133 is divided by 1580?
1413
What is the remainder when 4585655 is divided by 11?
8
Calculate the remainder when 1489376 is divided by 51355.
81
Calculate the remainder when 9473 is divided by 4721.
31
Calculate the remainder when 18908 is divided by 180.
8
Calculate the remainder when 1167191 is divided by 194530.
11
Calculate the remainder when 470224 is divided by 231.
139
Calculate the remainder when 2486201 is divided by 7443.
239
Calculate the remainder when 4456935 is divided by 5357.
5268
Calculate the remainder when 265934038 is divided by 88644677.
7
Calculate the remainder when 54211 is divided by 27076.
59
What is the remainder when 29063 is divided by 3378?
2039
What is the remainder when 2657 is divided by 455?
382
Calculate the remainder when 153775646 is divided by 4795.
4791
What is the remainder when 1255309 is divided by 73811?
522
Calculate the remainder when 273722 is divided by 203.
78
Calculate the remainder when 787451 is divided by 78739.
61
What is the remainder when 4741866 is divided by 790311?
0
What is the remainder when 2919916 is divided by 535?
421
Calculate the remainder when 3085500 is divided by 771345.
120
Calculate the remainder when 15900780 is divided by 52.
12
What is the remainder when 957482 is divided by 632?
2
What is the remainder when 554673 is divided by 9563?
19
What is the remainder when 1047844 is divided by 4616?
12
Calculate the remainder when 82507 is divided by 627.
370
What is the remainder when 67506 is divided by 1946?
1342
What is the remainder when 1143487 is divided by 228695?
12
What is the remainder when 27375859 is divided by 2588?
2583
Calculate the remainder when 182088 is divided by 203.
200
Calculate the remainder when 166307 is divided by 168.
155
Calculate the remainder when 546700 is divided by 17635.
15
Calculate the remainder when 97152 is divided by 4522.
2190
Calculate the remainder when 80963 is divided by 1588.
1563
Calculate the remainder when 20540240 is divided by 256753.
0
Calculate the remainder when 2694405 is divided by 46455.
15
Calculate the remainder when 307681 is divided by 50919.
2167
What is the remainder when 42983 is divided by 2700?
2483
Calculate the remainder when 217443 is divided by 2861.
7
What is the remainder when 427170 is divided by 1060?
1050
Calculate the remainder when 209791 is divided by 14984.
15
What is the remainder when 1706959200 is divided by 247?
245
Calculate the remainder when 600920 is divided by 38.
26
What is the remainder when 35298197 is divided by 103?
97
What is the remainder when 1557726957 is divided by 20?
17
What is the remainder when 3040092 is divided by 146?
80
Calculate the remainder when 51131029 is divided by 865.
14
What is the remainder when 1682677 is divided by 280427?
115
What is the remainder when 31303474 is divided by 957?
4
What is the remainder when 31269827 is divided by 229925?
27
Calculate the remainder when 3268970 is divided by 3268932.
38
What is the remainder when 87588159 is divided by 1689?
1686
Calculate the remainder when 95616 is divided by 31619.
759
Calculate the remainder when 9999727 is divided by 344818.
5
Calculate the remainder when 598197 is divided by 1221.
1128
Calculate the remainder when 804016 is divided by 9241.
49
What is the remainder when 459157 is divided by 10201?
112
What is the remainder when 201779 is divided by 6114?
17
Calculate the remainder when 398624265 is divided by 79724853.
0
What is the re